{"id":885,"date":"2016-03-25T14:39:00","date_gmt":"2016-03-25T14:39:00","guid":{"rendered":"http:\/\/realtheater-praktikum.de\/?page_id=885"},"modified":"2017-11-03T14:12:13","modified_gmt":"2017-11-03T14:12:13","slug":"kontrastfiguren","status":"publish","type":"page","link":"https:\/\/realtheater-praktikum.de\/?page_id=885","title":{"rendered":"Kontrastfiguren"},"content":{"rendered":"<p><strong>Etwas Besseres als den Tod finden wir \u00fcberall!<\/strong><\/p>\n<p><iframe loading=\"lazy\" width=\"631\" height=\"355\" src=\"https:\/\/www.youtube.com\/embed\/hgV2-lIBmro?feature=oembed\" frameborder=\"0\" gesture=\"media\" allowfullscreen><\/iframe><\/p>\n<p>Das Berufskolleg Stadtmitte der Stadt M\u00fclheim an der Ruhr bietet zur F\u00f6rderung und Verbesserung der Bildungs- und Ausbildungschancen neu zugewanderter Jugendlicher und junger Erwachsener \u201eaus aller Welt\u201c den Bildungsgang \u201eInternationale F\u00f6rderklasse\u201c (IFK) an.<\/p>\n<p>Im Rahmen dieses Bildungsgangs findet seit 11 Jahren j\u00e4hrlich ein zweiw\u00f6chiges Theaterprojekt der Sch\u00fclerinnen und Sch\u00fcler in Kooperation mit dem Kulturbetrieb der Stadt M\u00fclheim statt. Das Theaterprojekt der IFK im Schuljahr 2014\/5 flie\u00dft in Bestandteilen in das Theaterprojekt \u201ePraktikum-Theater f\u00fcr ein gelungenes Leben\u201c ein und wird so ein Teil des Ganzen, bleibt aber auch als eigenes Projekt bestehen.<\/p>\n<p>Beide Theaterprojekte thematisieren die Lebenssituationen junger Menschen. Realtheater Praktikum illuminiert\u00a0die Problematik, den eigenen Weg in einer \u00fcberwiegend von Leistung und Erfolg dominierten Gesellschaft zu finden. Das Projekt der IFK setzt sich mit den real erlebten traumatischen Erfahrungen auseinander, n\u00e4mlich mit Gewalt, Terror, Tod oder Flucht.<\/p>\n<p>Auf Grund der Rahmenbedingungen des Projekts der IFK nehmen die Sch\u00fclerinnen und Sch\u00fcler nicht durchg\u00e4ngig an den Proben der Theatergruppe \u201ePraktikum\u201c teil. Die Generalprobe und eine Vorstellung der Produktion der IFK werden vor einem kleinen Publikum dargestellt und filmisch festgehalten.\u00a0Abhauen oder Ankommen? Das ist hier die Frage.<\/p>\n<p><a href=\"https:\/\/realtheater-praktikum.de\/?attachment_id=365\" rel=\"attachment wp-att-365\"><img loading=\"lazy\" decoding=\"async\" class=\"alignnone  wp-image-365\" src=\"https:\/\/realtheater-praktikum.de\/wp-content\/uploads\/2015\/02\/bdat-logo-29-x-15-wl.jpg\" alt=\"bdat logo 29 x 15 wl\" width=\"208\" height=\"106\" srcset=\"https:\/\/realtheater-praktikum.de\/wp-content\/uploads\/2015\/02\/bdat-logo-29-x-15-wl.jpg 1718w, https:\/\/realtheater-praktikum.de\/wp-content\/uploads\/2015\/02\/bdat-logo-29-x-15-wl-300x152.jpg 300w, https:\/\/realtheater-praktikum.de\/wp-content\/uploads\/2015\/02\/bdat-logo-29-x-15-wl-1024x520.jpg 1024w\" sizes=\"(max-width: 208px) 100vw, 208px\" \/><\/a><a href=\"https:\/\/realtheater-praktikum.de\/?attachment_id=408\" rel=\"attachment wp-att-408\"><img loading=\"lazy\" decoding=\"async\" class=\"alignnone  wp-image-408\" src=\"https:\/\/realtheater-praktikum.de\/wp-content\/uploads\/2015\/02\/Kulturmachtstark_med.jpg\" alt=\"Kulturmachtstark_med\" width=\"272\" height=\"85\" srcset=\"https:\/\/realtheater-praktikum.de\/wp-content\/uploads\/2015\/02\/Kulturmachtstark_med.jpg 425w, https:\/\/realtheater-praktikum.de\/wp-content\/uploads\/2015\/02\/Kulturmachtstark_med-300x93.jpg 300w\" sizes=\"(max-width: 272px) 100vw, 272px\" \/><\/a><\/p>\n","protected":false},"excerpt":{"rendered":"<p class=\"excerpt\">Etwas Besseres als den Tod finden wir \u00fcberall! Das Berufskolleg Stadtmitte der Stadt M\u00fclheim an der Ruhr bietet zur F\u00f6rderung und Verbesserung der Bildungs- und Ausbildungschancen neu zugewanderter Jugendlicher und junger Erwachsener \u201eaus aller Welt\u201c den Bildungsgang \u201eInternationale F\u00f6rderklasse\u201c (IFK) an. Im Rahmen dieses Bildungsgangs findet seit 11 Jahren j\u00e4hrlich ein zweiw\u00f6chiges Theaterprojekt der Sch\u00fclerinnen und Sch\u00fcler in Kooperation mit&hellip;<\/p>\n<p class=\"more-link-p\"><a class=\"btn btn-default\" href=\"https:\/\/realtheater-praktikum.de\/?page_id=885\">Read more<\/a><\/p>\n","protected":false},"author":1,"featured_media":0,"parent":730,"menu_order":0,"comment_status":"closed","ping_status":"closed","template":"","meta":{"footnotes":""},"_links":{"self":[{"href":"https:\/\/realtheater-praktikum.de\/index.php?rest_route=\/wp\/v2\/pages\/885"}],"collection":[{"href":"https:\/\/realtheater-praktikum.de\/index.php?rest_route=\/wp\/v2\/pages"}],"about":[{"href":"https:\/\/realtheater-praktikum.de\/index.php?rest_route=\/wp\/v2\/types\/page"}],"author":[{"embeddable":true,"href":"https:\/\/realtheater-praktikum.de\/index.php?rest_route=\/wp\/v2\/users\/1"}],"replies":[{"embeddable":true,"href":"https:\/\/realtheater-praktikum.de\/index.php?rest_route=%2Fwp%2Fv2%2Fcomments&post=885"}],"version-history":[{"count":5,"href":"https:\/\/realtheater-praktikum.de\/index.php?rest_route=\/wp\/v2\/pages\/885\/revisions"}],"predecessor-version":[{"id":1219,"href":"https:\/\/realtheater-praktikum.de\/index.php?rest_route=\/wp\/v2\/pages\/885\/revisions\/1219"}],"up":[{"embeddable":true,"href":"https:\/\/realtheater-praktikum.de\/index.php?rest_route=\/wp\/v2\/pages\/730"}],"wp:attachment":[{"href":"https:\/\/realtheater-praktikum.de\/index.php?rest_route=%2Fwp%2Fv2%2Fmedia&parent=885"}],"curies":[{"name":"wp","href":"https:\/\/api.w.org\/{rel}","templated":true}]}}