{"id":722,"date":"2016-01-16T08:21:44","date_gmt":"2016-01-16T08:21:44","guid":{"rendered":"http:\/\/realtheater-praktikum.de\/?page_id=722"},"modified":"2018-07-29T22:50:14","modified_gmt":"2018-07-29T22:50:14","slug":"das-neue-stueck","status":"publish","type":"page","link":"https:\/\/realtheater-praktikum.de\/?page_id=722","title":{"rendered":"Die Springfalle"},"content":{"rendered":"<p>&nbsp;<\/p>\n<p>&nbsp;<\/p>\n<p>Familie Knott ist eine ganz normale Familie. 345 Quadratmeter &#8211; abbezahlt &#8211; in gehobener Wohngegend. Opa und Oma, zwei\u00a0erwachsene Kinder: Hotte und Gudrun, ihre Ehepartner und sechs Enkel.<\/p>\n<p>&nbsp;<\/p>\n\n<p>&nbsp;<\/p>\n<p><a href=\"https:\/\/realtheater-praktikum.de\/wp-content\/uploads\/2016\/01\/SAM_1130.jpg\"><img loading=\"lazy\" decoding=\"async\" class=\"alignnone size-full wp-image-747\" src=\"https:\/\/realtheater-praktikum.de\/wp-content\/uploads\/2016\/01\/SAM_1130.jpg\" alt=\"ROB und BOB\" width=\"600\" height=\"900\" srcset=\"https:\/\/realtheater-praktikum.de\/wp-content\/uploads\/2016\/01\/SAM_1130.jpg 600w, https:\/\/realtheater-praktikum.de\/wp-content\/uploads\/2016\/01\/SAM_1130-200x300.jpg 200w\" sizes=\"(max-width: 600px) 100vw, 600px\" \/><\/a><\/p>\n<p>&nbsp;<\/p>\n<p>Die Zwillinge Rob und Bob betreiben eine M\u00e4usezucht.<\/p>\n<p>Ihre Mutter sehnt sich nach Ver\u00e4nderung und betreibt Karaoke.<\/p>\n<p>&nbsp;<\/p>\n<p>&nbsp;<\/p>\n<p><a href=\"https:\/\/realtheater-praktikum.de\/wp-content\/uploads\/2016\/01\/SAM_1260.jpg\"><img loading=\"lazy\" decoding=\"async\" class=\"alignnone size-full wp-image-748\" src=\"https:\/\/realtheater-praktikum.de\/wp-content\/uploads\/2016\/01\/SAM_1260.jpg\" alt=\"SAM_1260\" width=\"900\" height=\"600\" srcset=\"https:\/\/realtheater-praktikum.de\/wp-content\/uploads\/2016\/01\/SAM_1260.jpg 900w, https:\/\/realtheater-praktikum.de\/wp-content\/uploads\/2016\/01\/SAM_1260-300x200.jpg 300w\" sizes=\"(max-width: 900px) 100vw, 900px\" \/><\/a><\/p>\n<p>&nbsp;<\/p>\n<p>Sie wei\u00df unter anderem:<\/p>\n<!--[if lt IE 9]><script>document.createElement('audio');<\/script><![endif]-->\n<audio class=\"wp-audio-shortcode\" id=\"audio-722-1\" preload=\"none\" style=\"width: 100%;\" controls=\"controls\"><source type=\"audio\/mpeg\" src=\"https:\/\/realtheater-praktikum.de\/wp-content\/uploads\/2016\/01\/Leander_Wunder_geschehen_krz.mp3?_=1\" \/><a href=\"https:\/\/realtheater-praktikum.de\/wp-content\/uploads\/2016\/01\/Leander_Wunder_geschehen_krz.mp3\">https:\/\/realtheater-praktikum.de\/wp-content\/uploads\/2016\/01\/Leander_Wunder_geschehen_krz.mp3<\/a><\/audio>\n<p>&nbsp;<\/p>\n<p>ABER: Nicht nur einer hat ein finsteres Geheimnis.<\/p>\n<p><a href=\"https:\/\/realtheater-praktikum.de\/wp-content\/uploads\/2016\/01\/SAM_1123.jpg\"><img loading=\"lazy\" decoding=\"async\" class=\"alignnone size-full wp-image-755\" src=\"https:\/\/realtheater-praktikum.de\/wp-content\/uploads\/2016\/01\/SAM_1123.jpg\" alt=\"SAM_1123\" width=\"600\" height=\"900\" srcset=\"https:\/\/realtheater-praktikum.de\/wp-content\/uploads\/2016\/01\/SAM_1123.jpg 600w, https:\/\/realtheater-praktikum.de\/wp-content\/uploads\/2016\/01\/SAM_1123-200x300.jpg 200w\" sizes=\"(max-width: 600px) 100vw, 600px\" \/><\/a><\/p>\n<p>Auftritt: Der Bote von der Post &#8230;. und<\/p>\n<audio class=\"wp-audio-shortcode\" id=\"audio-722-2\" preload=\"none\" style=\"width: 100%;\" controls=\"controls\"><source type=\"audio\/mpeg\" src=\"https:\/\/realtheater-praktikum.de\/wp-content\/uploads\/2016\/01\/Fahrrad_Hunde_lang.mp3?_=2\" \/><a href=\"https:\/\/realtheater-praktikum.de\/wp-content\/uploads\/2016\/01\/Fahrrad_Hunde_lang.mp3\">https:\/\/realtheater-praktikum.de\/wp-content\/uploads\/2016\/01\/Fahrrad_Hunde_lang.mp3<\/a><\/audio>\n<p>neue Nachbarn gibt es auch. Sie sind ordnungsgem\u00e4\u00df nicht comme il faut.<\/p>\n<p>&nbsp;<\/p>\n<p><a href=\"https:\/\/realtheater-praktikum.de\/?attachment_id=857\" rel=\"attachment wp-att-857\"><img loading=\"lazy\" decoding=\"async\" class=\"alignnone size-full wp-image-857\" src=\"https:\/\/realtheater-praktikum.de\/wp-content\/uploads\/2016\/03\/DSC_9355.jpg\" alt=\"DSC_9355\" width=\"900\" height=\"598\" srcset=\"https:\/\/realtheater-praktikum.de\/wp-content\/uploads\/2016\/03\/DSC_9355.jpg 900w, https:\/\/realtheater-praktikum.de\/wp-content\/uploads\/2016\/03\/DSC_9355-300x199.jpg 300w, https:\/\/realtheater-praktikum.de\/wp-content\/uploads\/2016\/03\/DSC_9355-768x510.jpg 768w\" sizes=\"(max-width: 900px) 100vw, 900px\" \/><\/a><\/p>\n<p>&nbsp;<\/p>\n<p>Alles ganz normal im Gro\u00dfholzweg?<\/p>\n<audio class=\"wp-audio-shortcode\" id=\"audio-722-3\" preload=\"none\" style=\"width: 100%;\" controls=\"controls\"><source type=\"audio\/mpeg\" src=\"https:\/\/realtheater-praktikum.de\/wp-content\/uploads\/2016\/01\/MORDS_Streicher.mp3?_=3\" \/><a href=\"https:\/\/realtheater-praktikum.de\/wp-content\/uploads\/2016\/01\/MORDS_Streicher.mp3\">https:\/\/realtheater-praktikum.de\/wp-content\/uploads\/2016\/01\/MORDS_Streicher.mp3<\/a><\/audio>\n<p>&nbsp;<\/p>\n<p>F\u00f6rderung:\u00a0<a href=\"https:\/\/realtheater-praktikum.de\/?attachment_id=716\" rel=\"attachment wp-att-716\"><img loading=\"lazy\" decoding=\"async\" class=\"alignnone wp-image-716 \" src=\"https:\/\/realtheater-praktikum.de\/wp-content\/uploads\/2016\/01\/Sparkassenstiftung_med-300x108.jpg\" alt=\"Sparkassenstiftung_med\" width=\"230\" height=\"83\" srcset=\"https:\/\/realtheater-praktikum.de\/wp-content\/uploads\/2016\/01\/Sparkassenstiftung_med-300x108.jpg 300w, https:\/\/realtheater-praktikum.de\/wp-content\/uploads\/2016\/01\/Sparkassenstiftung_med-1024x369.jpg 1024w, https:\/\/realtheater-praktikum.de\/wp-content\/uploads\/2016\/01\/Sparkassenstiftung_med.jpg 1051w\" sizes=\"(max-width: 230px) 100vw, 230px\" \/><\/a><a href=\"https:\/\/realtheater-praktikum.de\/?attachment_id=717\" rel=\"attachment wp-att-717\"><img loading=\"lazy\" decoding=\"async\" class=\"alignnone wp-image-717\" src=\"https:\/\/realtheater-praktikum.de\/wp-content\/uploads\/2016\/01\/Logo-Kulturbetrieb.png\" alt=\"Logo Kulturbetrieb\" width=\"240\" height=\"57\" srcset=\"https:\/\/realtheater-praktikum.de\/wp-content\/uploads\/2016\/01\/Logo-Kulturbetrieb.png 320w, https:\/\/realtheater-praktikum.de\/wp-content\/uploads\/2016\/01\/Logo-Kulturbetrieb-300x71.png 300w\" sizes=\"(max-width: 240px) 100vw, 240px\" \/><\/a><\/p>\n","protected":false},"excerpt":{"rendered":"<p class=\"excerpt\">&nbsp; &nbsp; Familie Knott ist eine ganz normale Familie. 345 Quadratmeter &#8211; abbezahlt &#8211; in gehobener Wohngegend. Opa und Oma, zwei\u00a0erwachsene Kinder: Hotte und Gudrun, ihre Ehepartner und sechs Enkel. &nbsp; &nbsp; &nbsp; Die Zwillinge Rob und Bob betreiben eine M\u00e4usezucht. Ihre Mutter sehnt sich nach Ver\u00e4nderung und betreibt Karaoke. &nbsp; &nbsp; &nbsp; Sie wei\u00df unter anderem: &nbsp; ABER: Nicht&hellip;<\/p>\n<p class=\"more-link-p\"><a class=\"btn btn-default\" href=\"https:\/\/realtheater-praktikum.de\/?page_id=722\">Read more<\/a><\/p>\n","protected":false},"author":1,"featured_media":734,"parent":0,"menu_order":0,"comment_status":"closed","ping_status":"closed","template":"","meta":{"footnotes":""},"_links":{"self":[{"href":"https:\/\/realtheater-praktikum.de\/index.php?rest_route=\/wp\/v2\/pages\/722"}],"collection":[{"href":"https:\/\/realtheater-praktikum.de\/index.php?rest_route=\/wp\/v2\/pages"}],"about":[{"href":"https:\/\/realtheater-praktikum.de\/index.php?rest_route=\/wp\/v2\/types\/page"}],"author":[{"embeddable":true,"href":"https:\/\/realtheater-praktikum.de\/index.php?rest_route=\/wp\/v2\/users\/1"}],"replies":[{"embeddable":true,"href":"https:\/\/realtheater-praktikum.de\/index.php?rest_route=%2Fwp%2Fv2%2Fcomments&post=722"}],"version-history":[{"count":38,"href":"https:\/\/realtheater-praktikum.de\/index.php?rest_route=\/wp\/v2\/pages\/722\/revisions"}],"predecessor-version":[{"id":1444,"href":"https:\/\/realtheater-praktikum.de\/index.php?rest_route=\/wp\/v2\/pages\/722\/revisions\/1444"}],"wp:featuredmedia":[{"embeddable":true,"href":"https:\/\/realtheater-praktikum.de\/index.php?rest_route=\/wp\/v2\/media\/734"}],"wp:attachment":[{"href":"https:\/\/realtheater-praktikum.de\/index.php?rest_route=%2Fwp%2Fv2%2Fmedia&parent=722"}],"curies":[{"name":"wp","href":"https:\/\/api.w.org\/{rel}","templated":true}]}}